ctor of 1567?
False
Does 71 divide 20766?
False
Is 16 a factor of 14418?
False
Is 1440 a multiple of 10?
True
Is 4205 a multiple of 145?
True
Is 37734 a multiple of 30?
False
Is 3416 a multiple of 122?
True
Is 16 a factor of 1472?
True
Does 56 divide 1161?
False
Does 8 divide 913?
False
Is 26906 a multiple of 127?
False
Is 982 a multiple of 32?
False
Is 129 a multiple of 6?
False
Is 20 a factor of 24540?
True
Is 5190 a multiple of 10?
True
Is 11 a factor of 3364?
False
Is 65 a factor of 3151?
False
Is 174 a factor of 36195?
False
Is 73 a factor of 7729?
False
Is 52 a factor of 2497?
False
Is 9530 a multiple of 15?
False
Does 56 divide 1943?
False
Does 166 divide 3652?
True
Is 3625 even?
False
Does 28 divide 224?
True
Is 1458 a multiple of 44?
False
Is 42 a factor of 11214?
True
Is 29406 a multiple of 78?
True
Is 2544 a multiple of 6?
True
Is 7 a factor of 28?
True
Is 39 a factor of 6864?
True
Is 556 a multiple of 18?
False
Is 178 a factor of 1432?
False
Does 8 divide 1474?
False
Is 80 a factor of 18080?
True
Is 658 a multiple of 14?
True
Is 51 a factor of 3621?
True
Is 23940 a multiple of 190?
True
Is 146 a factor of 8760?
True
Does 71 divide 42419?
False
Does 44 divide 2234?
False
Is 16918 a multiple of 22?
True
Does 125 divide 3287?
False
Is 70200 a multiple of 26?
True
Is 189 a multiple of 13?
False
Does 35 divide 85458?
False
Does 12 divide 18230?
False
Is 37081 a multiple of 11?
True
Is 3605 a multiple of 17?
False
Does 33 divide 30888?
True
Is 2 a factor of 552?
True
Is 33 a factor of 1848?
True
Is 53570 a multiple of 22?
True
Does 23 divide 9942?
False
Is 3425 a multiple of 25?
True
Is 15 a factor of 1305?
True
Is 64 a factor of 2176?
True
Does 14 divide 1291?
False
Is 37 a factor of 4091?
False
Is 14 a factor of 7341?
False
Does 7 divide 72?
False
Is 32 a factor of 40806?
False
Is 1020 a multiple of 85?
True
Is 33 a factor of 8086?
False
Does 31 divide 17711?
False
Does 4 divide 2555?
False
Is 18 a factor of 1800?
True
Is 1944 a multiple of 72?
True
Is 546 a multiple of 10?
False
Does 25 divide 2209?
False
Does 6 divide 652?
False
Is 156 a factor of 3686?
False
Is 14637 a multiple of 7?
True
Is 141 a multiple of 8?
False
Is 77 a factor of 2156?
True
Is 5 a factor of 107?
False
Does 27 divide 108?
True
Is 55 a factor of 22165?
True
Is 22303 a multiple of 71?
False
Is 825 a multiple of 11?
True
Does 61 divide 9069?
False
Is 6 a factor of 364?
False
Is 3558 a multiple of 17?
False
Is 42 a factor of 1722?
True
Is 1467 a multiple of 37?
False
Is 30304 a multiple of 16?
True
Does 10 divide 880?
True
Does 3 divide 5173?
False
Is 15 a factor of 906?
False
Is 94 a factor of 917?
False
Does 167 divide 82378?
False
Is 49 a factor of 40376?
True
Is 9 a factor of 1284?
False
Does 8 divide 315?
False
Is 1675 a multiple of 25?
True
Is 609 a multiple of 87?
True
Does 105 divide 6825?
True
Is 1880 a multiple of 47?
True
Does 11 divide 1522?
False
Is 38 a factor of 2302?
False
Is 1120 a multiple of 56?
True
Is 26849 a multiple of 181?
False
Is 8402 a multiple of 6?
False
Is 3131 a multiple of 4?
False
Is 22582 a multiple of 58?
False
Is 31 a factor of 491?
False
Is 69326 a multiple of 17?
True
Is 6 a factor of 1806?
True
Is 4 a factor of 250?
False
Is 40 a factor of 39920?
True
Is 2625 a multiple of 125?
True
Is 2040 a multiple of 30?
True
Is 8 a factor of 3222?
False
Is 9 a factor of 51054?
False
Is 18325 a multiple of 25?
True
Is 4070 a multiple of 22?
True
Is 17 a factor of 3652?
False
Is 105 a factor of 38360?
False
Is 12 a factor of 5292?
True
Does 29 divide 25667?
False
Is 15 a factor of 54683?
False
Is 15 a factor of 15266?
False
Is 65 a factor of 14132?
False
Is 12 a factor of 3768?
True
Does 10 divide 23?
False
Is 4017 a multiple of 3?
True
Does 160 divide 10375?
False
Does 278 divide 19549?
False
Is 804 a multiple of 6?
True
Is 29 a factor of 823?
False
Does 50 divide 155?
False
Is 23 a factor of 276?
True
Is 9405 a multiple of 19?
True
Is 492 a multiple of 6?
True
Is 59 even?
False
Does 21 divide 28970?
False
Is 31 a factor of 2434?
False
Is 50 a factor of 350?
True
Is 18886 a multiple of 170?
False
Is 61 a factor of 11390?
False
Is 14 a factor of 13790?
True
Does 8 divide 10544?
True
Is 50 a factor of 272?
False
Does 18 divide 51?
False
Is 44 a factor of 220?
True
Does 18 divide 2863?
False
Is 89 even?
False
Does 12 divide 97?
False
Is 9852 a multiple of 12?
True
Is 1019 a multiple of 4?
False
Does 29 divide 145?
True
Is 13 a factor of 319?
False
Is 18694 a multiple of 26?
True
Does 11 divide 36451?
False
Is 5 a factor of 65?
True
Does 51 divide 677?
False
Does 25 divide 7950?
True
Is 9184 a multiple of 4?
True
Is 13 a factor of 122?
False
Is 43 a factor of 39130?
True
Does 9 divide 545?
False
Does 12 divide 42013?
False
Is 17 a factor of 18445?
True
Does 4 divide 127?
False
Is 2 a factor of 2914?
True
Does 80 divide 2389?
False
Is 30 a factor of 57950?
False
Is 29 a factor of 60864?
False
Is 43 a factor of 817?
True
Is 23 a factor of 552?
True
Does 11 divide 8057?
False
Does 49 divide 9555?
True
Does 24 divide 903?
False
Does 68 divide 136?
True
Does 16 divide 133856?
True
Does 124 divide 17980?
True
Does 122 divide 4026?
True
Is 45 a factor of 5909?
False
Does 4 divide 1364?
True
Is 22 a factor of 410?
False
Does 18 divide 90?
True
Is 138 a factor of 17250?
True
Does 70 divide 9590?
True
Is 273 a multiple of 4?
False
Is 12 a factor of 68093?
False
Is 225 a multiple of 25?
True
Does 9 divide 342?
True
Is 80725 a multiple of 25?
True
Is 1330 a multiple of 10?
True
Does 133 divide 24932?
False
Is 11 a factor of 1174?
False
Is 548 a multiple of 4?
True
Is 624 a multiple of 24?
True
Does 14 divide 468?
False
Does 109 divide 3435?
False
Does 15 divide 990?
True
Is 1957 a multiple of 3?
False
Is 3400 a multiple of 20?
True
Is 50 a factor of 2613?
False
Is 72 a multiple of 24?
True
Does 10 divide 9760?
True
Is 39 a factor of 6318?
True
Is 48 a factor of 3216?
True
Does 2 divide 806?
True
Does 14 divide 56294?
True
Does 28 divide 4112?
False
Does 18 divide 59094?
True
Is 1125 a multiple of 92?
False
Does 27 divide 3024?
True
Is 1093 a multiple of 8?
False
Does 13 divide 18807?
False
Is 2 a factor of 7752?
True
Is 2653 a multiple of 26?
False
Does 17 divide 1241?
True
Is 7 a factor of 1878?
False
Is 2323 a multiple of 48?
False
Is 28 a factor of 33587?
False
Does 11 divide 11990?
True
Is 11165 a multiple of 11?
True
Is 237 a multiple of 3?
True
Does 12 divide 864?
True
Is 105870 a multiple of 30?
True
Is 558 a multiple of 31?
True
Does 9 divide 1193?
False
Is 240 a factor of 15360?
True
Is 61 a factor of 14618?
False
Is 58056 a multiple of 78?
False
Does 64 divide 37888?
True
Is 125 a factor of 55943?
False
Is 86325 a multiple of 10?
False
Is 42 a factor of 595?
False
Is 1196 a multiple of 23?
True
Is 10 a factor of 249?
False
Is 13 a factor of 884?
True
Is 11312 a multiple of 14?
True
Is 4644 a multiple of 27?
True
Does 24 divide 2385?
False
Is 71928 a multiple of 222?
True
Does 34 divide 102?
True
Is 35 a factor of 1680?
True
Is 48 a factor of 2238?
False
Does 70 divide 8190?
True
Is 3326 a multiple of 90?
False
Is 762 a multiple of 44?
False
Is 17226 a multiple of 18?
True
Is 53 a multiple of 6?
False
Does 12 divide 26?
False
Does 42 divide 1092?
True
Does 10 divide 32850?
True
Is 8724 a multiple of 12?
True
Does 11 divide 7194?
True
Does 82 divide 2706?
True
Is 12 a factor of 799?
False
Is 1222 a multiple of 13?
True
Does 81 divide 1148?
False
Is 6 a factor of 2279?
False
Is 3 a factor of 72?
True
Is 3312 a multiple of 8?
True
Does 158 divide 67150?
True
Is 2580 a multiple of 30?
True
Is 1339 a multiple of 13?
True
Does 49 divide 76?
False
Is 901 a multiple of 46?
False
Does 68 divide 12920?
True
Does 20 divide 26150?
False
Is 26 a factor of 23508?
False
Does 14 divide 224?
True
Is 695 a multiple of 139?
True
Is 11088 a multiple of 99?
True
Does 22 divide 3212?
True
Is 2144 a multiple of 19?
False
Is 134 a multiple of 15?
False
Does 4 divide 174?
False
Is 2690 a multiple of 10?
True
Does 4 divide 15604?
True
Is 4628 a multiple of 89?
True
Is 6 a factor of 7025?
False
Does 65 divide 3445?
True
Is 16 a factor of 368?
True
Is 23 a factor of 6042?
False
Does 8 divide 5886?
False
Does 9 divide 9757?
False
Is 45 a factor of 585?
True
Is 1216 a mu